s 4620 a multiple of 50?
False
Is 1499 a multiple of 87?
False
Does 60 divide 480?
True
Is 89 a factor of 4640?
False
Is 4332 a multiple of 2?
True
Is 4320 a multiple of 4?
True
Does 59 divide 354?
True
Does 6 divide 90?
True
Is 1807 a multiple of 93?
False
Does 12 divide 108?
True
Does 8 divide 301?
False
Is 513 a multiple of 19?
True
Does 11 divide 1706?
False
Does 8 divide 14302?
False
Is 33 a factor of 957?
True
Is 374 a multiple of 34?
True
Is 18 a factor of 29941?
False
Does 20 divide 109908?
False
Is 35 a factor of 737?
False
Does 17 divide 69742?
False
Does 13 divide 1417?
True
Does 27 divide 36369?
True
Is 18 a factor of 11922?
False
Does 21 divide 14748?
False
Does 46 divide 4094?
True
Is 35 a factor of 7420?
True
Is 9 a factor of 21222?
True
Is 12753 a multiple of 117?
True
Does 103 divide 721?
True
Is 479 a multiple of 30?
False
Is 1512 a multiple of 21?
True
Does 21 divide 35133?
True
Does 51 divide 5100?
True
Is 115 a factor of 6900?
True
Is 7511 a multiple of 14?
False
Is 14 a factor of 5050?
False
Is 23 a factor of 311?
False
Is 3 a factor of 7?
False
Is 60 a factor of 94216?
False
Is 22 a factor of 880?
True
Is 90 a multiple of 3?
True
Is 10472 a multiple of 40?
False
Does 14 divide 15391?
False
Is 1030 a multiple of 10?
True
Does 7 divide 170?
False
Is 8 a factor of 504?
True
Does 9 divide 3663?
True
Is 7360 a multiple of 40?
True
Is 3382 a multiple of 54?
False
Is 188 a multiple of 20?
False
Does 130 divide 20150?
True
Does 17 divide 6647?
True
Does 94 divide 61476?
True
Does 44 divide 272?
False
Does 20 divide 1316?
False
Is 12836 a multiple of 17?
False
Does 21 divide 30324?
True
Is 216 a multiple of 9?
True
Does 121 divide 22385?
True
Is 244 a multiple of 9?
False
Does 29 divide 729?
False
Is 13 a factor of 1976?
True
Does 7 divide 8435?
True
Does 6 divide 393?
False
Does 145 divide 152863?
False
Is 71942 a multiple of 52?
False
Is 1209 a multiple of 39?
True
Is 16451 a multiple of 67?
False
Is 53 a factor of 1741?
False
Is 10793 a multiple of 69?
False
Is 190 a multiple of 19?
True
Is 1357 a multiple of 59?
True
Does 6 divide 66?
True
Does 4 divide 72?
True
Does 7 divide 313?
False
Is 2 a factor of 656?
True
Is 91 a factor of 19110?
True
Is 19 a factor of 133?
True
Is 106 a factor of 10221?
False
Is 30118 a multiple of 11?
True
Is 23 a factor of 510?
False
Is 4 a factor of 107?
False
Is 87 a factor of 12704?
False
Is 36 a factor of 1682?
False
Is 74 a factor of 2072?
True
Is 38 a factor of 1064?
True
Is 1631 a multiple of 23?
False
Does 21 divide 41790?
True
Is 690 a multiple of 30?
True
Is 21486 a multiple of 176?
False
Does 6 divide 3234?
True
Does 3 divide 4239?
True
Is 165 a factor of 5610?
True
Is 1965 a multiple of 4?
False
Is 9460 a multiple of 44?
True
Does 187 divide 1122?
True
Is 4 a factor of 32080?
True
Is 276 a multiple of 2?
True
Is 4488 a multiple of 88?
True
Is 38 a factor of 2869?
False
Is 107 a factor of 8132?
True
Does 13 divide 3699?
False
Is 5678 a multiple of 4?
False
Does 21 divide 119?
False
Is 376 a multiple of 23?
False
Does 13 divide 104?
True
Is 144 a multiple of 2?
True
Does 15 divide 2399?
False
Is 60 a factor of 32460?
True
Does 21 divide 21053?
False
Does 36 divide 3852?
True
Does 9 divide 342?
True
Is 20779 a multiple of 9?
False
Is 1141 a multiple of 7?
True
Does 17 divide 204?
True
Is 66154 a multiple of 50?
False
Is 35 a factor of 11550?
True
Does 6 divide 1674?
True
Does 16 divide 2093?
False
Is 6 a factor of 276?
True
Is 1365 a multiple of 3?
True
Does 47 divide 19176?
True
Does 136 divide 48280?
True
Is 14 a factor of 1752?
False
Is 12246 a multiple of 78?
True
Is 18880 a multiple of 5?
True
Does 91 divide 9100?
True
Is 3 a factor of 860?
False
Does 14 divide 42056?
True
Does 7 divide 7831?
False
Does 73 divide 15987?
True
Is 5 a factor of 230?
True
Is 36 a factor of 795?
False
Is 1872 a multiple of 52?
True
Is 11236 a multiple of 212?
True
Is 5 a factor of 22390?
True
Does 51 divide 2729?
False
Is 6936 a multiple of 24?
True
Is 2394 a multiple of 63?
True
Does 7 divide 92?
False
Is 359 a factor of 58903?
False
Is 10 a factor of 14768?
False
Does 132 divide 11224?
False
Is 710 a multiple of 10?
True
Is 962 a multiple of 13?
True
Does 20 divide 665?
False
Is 10612 a multiple of 14?
True
Is 44 a multiple of 22?
True
Does 16 divide 23808?
True
Is 105 a multiple of 7?
True
Is 4 a factor of 9?
False
Is 33060 a multiple of 145?
True
Does 19 divide 167?
False
Is 101 a factor of 25458?
False
Is 19 a factor of 152?
True
Does 30 divide 1346?
False
Is 89 a factor of 1492?
False
Is 25 a factor of 1450?
True
Is 15 a factor of 3165?
True
Is 1410 a multiple of 15?
True
Does 10 divide 4841?
False
Does 35 divide 6745?
False
Is 174 a multiple of 6?
True
Is 718 a multiple of 50?
False
Is 8742 a multiple of 36?
False
Is 9102 a multiple of 37?
True
Does 4 divide 884?
True
Does 142 divide 11998?
False
Is 189 a multiple of 9?
True
Is 2996 a multiple of 14?
True
Is 1483 a multiple of 16?
False
Is 11 a factor of 913?
True
Does 22 divide 1271?
False
Is 16 a multiple of 5?
False
Is 22976 a multiple of 19?
False
Is 108 a multiple of 4?
True
Does 32 divide 640?
True
Is 168 a multiple of 49?
False
Does 99 divide 35236?
False
Is 20 a factor of 588?
False
Is 39739 a multiple of 62?
False
Does 7 divide 140?
True
Is 2929 a multiple of 43?
False
Is 15 a factor of 990?
True
Does 5 divide 1589?
False
Is 935 a multiple of 21?
False
Is 38 a multiple of 19?
True
Is 690 a multiple of 16?
False
Does 10 divide 1390?
True
Is 186 a multiple of 17?
False
Is 23 a factor of 179?
False
Is 8 a factor of 710?
False
Is 119 a factor of 1547?
True
Is 2751 a multiple of 7?
True
Is 9785 a multiple of 23?
False
Does 21 divide 368?
False
Is 11 a factor of 2155?
False
Does 29 divide 17169?
False
Does 11 divide 3013?
False
Is 12 a factor of 2016?
True
Is 2280 a multiple of 15?
True
Does 5 divide 426?
False
Does 145 divide 21605?
True
Is 34 a factor of 3740?
True
Is 11 a factor of 886?
False
Is 11571 a multiple of 7?
True
Is 60 a factor of 12896?
False
Is 8996 a multiple of 12?
False
Is 86 a factor of 4472?
True
Is 51 a factor of 1180?
False
Does 82 divide 15232?
False
Is 24 a factor of 10385?
False
Is 36 a factor of 53?
False
Does 39 divide 1482?
True
Does 10 divide 3740?
True
Does 12 divide 2691?
False
Is 5330 a multiple of 18?
False
Is 72201 a multiple of 39?
False
Does 30 divide 46362?
False
Is 81 a factor of 243?
True
Is 184 a factor of 9068?
False
Does 55 divide 1701?
False
Does 18 divide 8708?
False
Is 1118 a multiple of 26?
True
Is 1596 a multiple of 57?
True
Is 102 a factor of 619?
False
Is 31 a factor of 3164?
False
Is 16 a factor of 8288?
True
Is 2383 a multiple of 5?
False
Is 8 a factor of 784?
True
Does 16 divide 3840?
True
Is 9 a factor of 15789?
False
Is 89 a multiple of 5?
False
Is 6840 a multiple of 19?
True
Does 4 divide 244?
True
Does 3 divide 694?
False
Is 18741 a multiple of 6?
False
Does 72 divide 34338?
False
Is 1393 a multiple of 2?
False
Is 14782 a multiple of 19?
True
Is 360 a multiple of 13?
False
Does 285 divide 12363?
False
Is 17010 a multiple of 6?
True
Is 35 a factor of 525?
True
Does 20 divide 3837?
False
Does 23 divide 3583?
False
Is 52 a factor of 721?
False
Is 3465 a multiple of 5?
True
Is 15 a factor of 130005?
True
Is 62 a factor of 1302?
True
Is 6 a factor of 114?
True
Does 41 divide 1189?
True
Is 21 a factor of 27?
False
Is 15 a factor of 779?
False
Does 35 divide 315?
True
Is 24024 a multiple of 104?
True
Is 13 a factor of 21918?
True
Does 151 divide 2816?
False
Is 2144 a multiple of 4?
True
Is 752 a multiple of 10?
False
Is 1872 a multiple of 13?
True
Does 96 divide 24192?
True
Is 60 a factor of 29105?
False
Does 16 divide 11898?
False
Is 6072 a multiple of 69?
True
Is 6 a factor of 127?
False
Is 6 a factor of 450?
True
Is 135 a factor of 4050?
True
Does 25 divide 27143?
False
Is 51 a factor of 29784?
True
Is 58 a factor of 9374?
False
Is 108 a factor of 89208?
True
Is 17 a multiple of 2?
False
Is 3 a factor of 11?
False
Is 144 a multiple of 12?
True
Is 1274 a multiple of 34?
False
Is 6375 a multiple of 21?
False
Is 9743 a multiple of 68?
False
Does 8 divide 824?
True
Does 11 divide 693?
True
Does 34 divide 6411?
False
Is 12 a factor of 363?
False
Does 6 divide 78?
True
Is 1280 a multiple of 64?
T